igit of 1850376176?
7
What is the hundred thousands digit of 198163707?
1
What is the hundred thousands digit of 47487605?
4
What is the hundred millions digit of 1049464152?
0
What is the millions digit of 875094184?
5
What is the tens digit of 2097254645?
4
What is the hundreds digit of 156986669?
6
What is the ten thousands digit of 467846271?
4
What is the ten millions digit of 181359172?
8
What is the thousands digit of 203480516?
0
What is the thousands digit of 524364874?
4
What is the hundred thousands digit of 32138745?
1
What is the units digit of 203993662?
2
What is the ten millions digit of 163362929?
6
What is the hundred millions digit of 1263778183?
2
What is the billions digit of 4965993747?
4
What is the millions digit of 820093041?
0
What is the thousands digit of 262996270?
6
What is the hundreds digit of 448555118?
1
What is the hundreds digit of 280001627?
6
What is the tens digit of 1495793017?
1
What is the millions digit of 2266213?
2
What is the tens digit of 132515228?
2
What is the thousands digit of 493219786?
9
What is the hundred thousands digit of 246708370?
7
What is the ten millions digit of 19957667?
1
What is the ten millions digit of 3256080710?
5
What is the tens digit of 70900150?
5
What is the millions digit of 575886866?
5
What is the units digit of 52831375?
5
What is the ten thousands digit of 3725568288?
6
What is the units digit of 27628524?
4
What is the millions digit of 63868634?
3
What is the units digit of 848472675?
5
What is the ten thousands digit of 31150878?
5
What is the thousands digit of 258157781?
7
What is the units digit of 1197757384?
4
What is the thousands digit of 238646228?
6
What is the units digit of 625144079?
9
What is the hundred thousands digit of 1051373551?
3
What is the units digit of 1200931356?
6
What is the ten millions digit of 38091622?
3
What is the hundreds digit of 362199654?
6
What is the thousands digit of 6782970607?
0
What is the tens digit of 38114611?
1
What is the ten thousands digit of 1706949105?
4
What is the units digit of 840195135?
5
What is the thousands digit of 205439040?
9
What is the hundreds digit of 696177543?
5
What is the millions digit of 2319225777?
9
What is the hundreds digit of 324834267?
2
What is the thousands digit of 533182475?
2
What is the ten thousands digit of 1290921491?
2
What is the millions digit of 52800364?
2
What is the tens digit of 6196026?
2
What is the ten thousands digit of 1054725218?
2
What is the units digit of 247258876?
6
What is the hundred thousands digit of 177044151?
0
What is the ten thousands digit of 1403793933?
9
What is the hundred millions digit of 2540973133?
5
What is the ten millions digit of 971464498?
7
What is the hundred thousands digit of 1428169265?
1
What is the thousands digit of 58122863?
2
What is the units digit of 41620093?
3
What is the hundred millions digit of 567495838?
5
What is the ten thousands digit of 3211010108?
1
What is the thousands digit of 3372089084?
9
What is the ten millions digit of 84370967?
8
What is the thousands digit of 1594811005?
1
What is the ten millions digit of 220693519?
2
What is the units digit of 118325307?
7
What is the ten millions digit of 86090891?
8
What is the hundreds digit of 40073444?
4
What is the tens digit of 10704062?
6
What is the hundred thousands digit of 4564115607?
1
What is the tens digit of 35531790?
9
What is the ten thousands digit of 86555073?
5
What is the tens digit of 941696342?
4
What is the ten thousands digit of 12331328?
3
What is the hundred thousands digit of 2633001252?
0
What is the ten millions digit of 18609720?
1
What is the hundreds digit of 943848341?
3
What is the units digit of 595197809?
9
What is the ten thousands digit of 1113959084?
5
What is the hundred millions digit of 605868722?
6
What is the hundred thousands digit of 32319810?
3
What is the hundred thousands digit of 1472829910?
8
What is the tens digit of 92841876?
7
What is the ten thousands digit of 239779243?
7
What is the tens digit of 47907952?
5
What is the millions digit of 463626974?
3
What is the ten thousands digit of 455048267?
4
What is the hundreds digit of 4968019523?
5
What is the units digit of 469523504?
4
What is the hundred thousands digit of 989126460?
1
What is the units digit of 427398524?
4
What is the millions digit of 84423871?
4
What is the hundreds digit of 40306859?
8
What is the ten thousands digit of 176303217?
0
What is the ten millions digit of 88237115?
8
What is the millions digit of 27326983?
7
What is the thousands digit of 2604701744?
1
What is the units digit of 2312528602?
2
What is the millions digit of 7897265?
7
What is the hundred thousands digit of 352774882?
7
What is the hundreds digit of 74301666?
6
What is the hundreds digit of 71378996?
9
What is the ten thousands digit of 231920661?
2
What is the tens digit of 2571435724?
2
What is the tens digit of 137148303?
0
What is the hundred thousands digit of 836479408?
4
What is the hundred thousands digit of 2409620444?
6
What is the tens digit of 953993568?
6
What is the thousands digit of 193245394?
5
What is the hundred millions digit of 230382742?
2
What is the hundreds digit of 2260807463?
4
What is the ten millions digit of 59176985?
5
What is the ten millions digit of 588444663?
8
What is the millions digit of 894051333?
4
What is the hundreds digit of 1103637509?
5
What is the billions digit of 3552779651?
3
What is the hundred thousands digit of 541108755?
1
What is the hundred thousands digit of 69342500?
3
What is the hundred thousands digit of 1532056000?
0
What is the tens digit of 25153572?
7
What is the hundreds digit of 20340705?
7
What is the hundreds digit of 605904246?
2
What is the hundred thousands digit of 17449852?
4
What is the ten millions digit of 119148944?
1
What is the millions digit of 226131655?
6
What is the hundreds digit of 504274448?
4
What is the units digit of 736281893?
3
What is the millions digit of 16249133?
6
What is the millions digit of 1751248705?
1
What is the units digit of 851716703?
3
What is the ten millions digit of 198180343?
9
What is the hundred millions digit of 526622826?
5
What is the tens digit of 16881981?
8
What is the ten thousands digit of 1840246074?
4
What is the billions digit of 5385423010?
5
What is the hundred thousands digit of 2498593054?
5
What is the tens digit of 189571220?
2
What is the thousands digit of 498769095?
9
What is the hundreds digit of 852977767?
7
What is the hundred thousands digit of 6432781?
4
What is the tens digit of 248377758?
5
What is the units digit of 1402097579?
9
What is the millions digit of 1591144119?
1
What is the hundreds digit of 936406628?
6
What is the millions digit of 224511497?
4
What is the units digit of 64530911?
1
What is the millions digit of 1354399285?
4
What is the units digit of 1342544600?
0
What is the millions digit of 278133856?
8
What is the hundred millions digit of 180290822?
1
What is the ten millions digit of 24735931?
2
What is the units digit of 152183965?
5
What is the tens digit of 411551524?
2
What is the ten thousands digit of 3626080565?
8
What is the thousands digit of 34357859?
7
What is the ten thousands digit of 9143890?
4
What is the hundreds digit of 1099765062?
0
What is the units digit of 2751694947?
7
What is the hundred thousands digit of 60173163?
1
What is the units digit of 52184366?
6
What is the hundred thousands digit of 235467353?
4
What is the units digit of 19879687?
7
What is the ten millions digit of 2863198634?
6
What is the units digit of 1063969861?
1
What is the hundreds digit of 369553919?
9
What is the ten millions digit of 254323123?
5
What is the ten thousands digit of 202806329?
0
What is the units digit of 6186179?
9
What is the thousands digit of 4082503?
2
What is the hundred thousands digit of 558705268?
7
What is the units digit of 1471464397?
7
What is the units digit of 3755245787?
7
What is the units digit of 42122721?
1
What is the hundred millions digit of 101433095?
1
What is the thousands digit of 579314108?
4
What is the ten millions digit of 115841304?
1
What is the millions digit of 88784899?
8
What is the thousands digit of 13682380?
2
What is the ten millions digit of 26194791